{"id":209,"date":"2025-12-31T08:49:03","date_gmt":"2025-12-31T08:49:03","guid":{"rendered":"https:\/\/devis-amenagement-exterieur-blois.fr\/?page_id=209"},"modified":"2025-12-31T08:49:14","modified_gmt":"2025-12-31T08:49:14","slug":"contact","status":"publish","type":"page","link":"https:\/\/devis-amenagement-exterieur-blois.fr\/index.php\/contact\/","title":{"rendered":"CONTACT"},"content":{"rendered":"\n<h2 class=\"wp-block-heading\">\ud83d\udcde Contactez KALI CONSTRUCTION pour votre projet d\u2019am\u00e9nagement ext\u00e9rieur \u00e0 Blois<\/h2>\n\n\n\n<p>Vous avez un <strong>projet de b\u00e9ton drainant, d\u2019am\u00e9nagement ext\u00e9rieur ou de travaux de construction<\/strong> \u00e0 Blois ou dans le Loir-et-Cher ?<br><strong>KALI CONSTRUCTION<\/strong> vous accompagne de l\u2019\u00e9tude \u00e0 la r\u00e9alisation, avec des solutions <strong>durables, esth\u00e9tiques et sur mesure<\/strong>.<\/p>\n\n\n\n<p>Notre \u00e9quipe est \u00e0 votre \u00e9coute pour r\u00e9pondre \u00e0 toutes vos questions et vous proposer un <strong>devis gratuit et personnalis\u00e9<\/strong>, adapt\u00e9 \u00e0 vos besoins et \u00e0 votre budget.<\/p>\n\n\n\n<h3 class=\"wp-block-heading\">\ud83d\udcde T\u00e9l\u00e9phone<\/h3>\n\n\n\n<p><strong>06 52 07 77 46<\/strong><br><strong>06 52 66 11 62<\/strong><\/p>\n\n\n\n<h3 class=\"wp-block-heading\">\ud83d\udce7 Email<\/h3>\n\n\n\n<p><strong><a>sarlkaliconstruction@gmail.com<\/a><\/strong><br><strong><a>contact@kaliconstruction.fr<\/a><\/strong><\/p>\n\n\n\n<h3 class=\"wp-block-heading\">\ud83d\udccd Adresse<\/h3>\n\n\n\n<p><strong>SARL KALI CONSTRUCTION<\/strong><br>19 Boulevard de l\u2019Industrie<br>41000 <strong>Blois<\/strong><br>SIRET : <strong>950 929 638<\/strong><\/p>\n\n\n\n<hr class=\"wp-block-separator has-alpha-channel-opacity\"\/>\n\n\n\n<h2 class=\"wp-block-heading\">\u2b50 Pourquoi choisir KALI CONSTRUCTION \u00e0 Blois ?<\/h2>\n\n\n\n<p>\u2714\ufe0f Sp\u00e9cialiste du <strong>b\u00e9ton drainant<\/strong><br>\u2714\ufe0f Expertise en <strong>am\u00e9nagement ext\u00e9rieur<\/strong> (all\u00e9es, terrasses, cours, acc\u00e8s)<br>\u2714\ufe0f Intervention rapide \u00e0 <strong>Blois et alentours<\/strong><br>\u2714\ufe0f <strong>Devis gratuit<\/strong> et conseils personnalis\u00e9s<br>\u2714\ufe0f Travaux durables, esth\u00e9tiques et conformes aux normes<\/p>\n\n\n\n<hr class=\"wp-block-separator has-alpha-channel-opacity\"\/>\n\n\n\n<p>\ud83d\udc49 <strong>Contactez-nous d\u00e8s maintenant<\/strong> pour discuter de votre projet et obtenir votre <strong>devis d\u2019am\u00e9nagement ext\u00e9rieur \u00e0 Blois<\/strong>.<br>Nous serons ravis de donner vie \u00e0 vos id\u00e9es et de transformer vos espaces ext\u00e9rieurs avec professionnalisme et savoir-faire.<\/p>\n","protected":false},"excerpt":{"rendered":"<p>\ud83d\udcde Contactez KALI CONSTRUCTION pour votre projet d\u2019am\u00e9nagement ext\u00e9rieur \u00e0 Blois Vous avez un projet de b\u00e9ton drainant, d\u2019am\u00e9nagement ext\u00e9rieur ou de travaux de construction \u00e0 Blois ou dans le Loir-et-Cher ?KALI CONSTRUCTION vous accompagne de l\u2019\u00e9tude \u00e0 la r\u00e9alisation, avec des solutions durables, esth\u00e9tiques et sur mesure. Notre \u00e9quipe est \u00e0 votre \u00e9coute pour [&hellip;]<\/p>\n","protected":false},"author":1,"featured_media":0,"parent":0,"menu_order":0,"comment_status":"closed","ping_status":"closed","template":"","meta":{"footnotes":""},"class_list":["post-209","page","type-page","status-publish","hentry"],"_links":{"self":[{"href":"https:\/\/devis-amenagement-exterieur-blois.fr\/index.php\/wp-json\/wp\/v2\/pages\/209","targetHints":{"allow":["GET"]}}],"collection":[{"href":"https:\/\/devis-amenagement-exterieur-blois.fr\/index.php\/wp-json\/wp\/v2\/pages"}],"about":[{"href":"https:\/\/devis-amenagement-exterieur-blois.fr\/index.php\/wp-json\/wp\/v2\/types\/page"}],"author":[{"embeddable":true,"href":"https:\/\/devis-amenagement-exterieur-blois.fr\/index.php\/wp-json\/wp\/v2\/users\/1"}],"replies":[{"embeddable":true,"href":"https:\/\/devis-amenagement-exterieur-blois.fr\/index.php\/wp-json\/wp\/v2\/comments?post=209"}],"version-history":[{"count":2,"href":"https:\/\/devis-amenagement-exterieur-blois.fr\/index.php\/wp-json\/wp\/v2\/pages\/209\/revisions"}],"predecessor-version":[{"id":211,"href":"https:\/\/devis-amenagement-exterieur-blois.fr\/index.php\/wp-json\/wp\/v2\/pages\/209\/revisions\/211"}],"wp:attachment":[{"href":"https:\/\/devis-amenagement-exterieur-blois.fr\/index.php\/wp-json\/wp\/v2\/media?parent=209"}],"curies":[{"name":"wp","href":"https:\/\/api.w.org\/{rel}","templated":true}]}}