{"id":31,"date":"2025-12-30T15:11:59","date_gmt":"2025-12-30T15:11:59","guid":{"rendered":"https:\/\/devis-amenagement-exterieur-blois.fr\/?page_id=31"},"modified":"2025-12-31T08:53:43","modified_gmt":"2025-12-31T08:53:43","slug":"kaya","status":"publish","type":"page","link":"https:\/\/devis-amenagement-exterieur-blois.fr\/index.php\/kaya\/","title":{"rendered":"R\u00c9NOVATION"},"content":{"rendered":"\n<h1 class=\"wp-block-heading\">\ud83d\udee0\ufe0f KALI CONSTRUCTION \u2013 R\u00c9NOVATION MAISON &amp; APPARTEMENT \u00c0 BLOIS (41)<\/h1>\n\n\n\n<p><strong>Travaux int\u00e9rieurs et ext\u00e9rieurs \u2022 Devis gratuit \u2013 Intervention rapide \u00e0 Blois et alentours<\/strong><\/p>\n\n\n\n<p>KALI CONSTRUCTION est votre <strong>entreprise de r\u00e9novation locale \u00e0 Blois<\/strong>, sp\u00e9cialis\u00e9e dans les travaux pour particuliers. Nous r\u00e9alisons vos projets de <strong>r\u00e9novation compl\u00e8te ou partielle, r\u00e9novation int\u00e9rieure et ext\u00e9rieure, am\u00e9lioration du confort et valorisation de votre bien<\/strong> dans tout le <strong>Loir-et-Cher (41)<\/strong>.<\/p>\n\n\n\n<p>Avec nous, b\u00e9n\u00e9ficiez d\u2019un <strong>suivi complet<\/strong>, d\u2019un <strong>interlocuteur unique<\/strong>, et d\u2019un chantier <strong>propre, s\u00e9curis\u00e9 et respectueux des d\u00e9lais et budgets<\/strong>.<\/p>\n\n\n\n<hr class=\"wp-block-separator has-alpha-channel-opacity\"\/>\n\n\n\n<h2 class=\"wp-block-heading\">\ud83d\udd28 NOS SERVICES DE R\u00c9NOVATION \u00c0 BLOIS ET SES ALENTOURS<\/h2>\n\n\n\n<p>Nous accompagnons les particuliers pour tous leurs travaux de <strong>r\u00e9novation int\u00e9rieure et ext\u00e9rieure<\/strong> :<\/p>\n\n\n\n<p>\u2714 <strong>R\u00e9novation compl\u00e8te ou partielle<\/strong> \u2013 appartements, maisons et extensions<br>\u2714 <strong>D\u00e9molition int\u00e9rieure et ext\u00e9rieure<\/strong> \u2013 pr\u00e9paration optimale des chantiers<br>\u2714 <strong>Peinture int\u00e9rieure et fa\u00e7ade<\/strong> \u2013 finition parfaite et durable<br>\u2714 <strong>Reprises de ma\u00e7onnerie<\/strong> \u2013 murs, cloisons, murets<br>\u2714 <strong>R\u00e9fection de sols<\/strong> \u2013 carrelage, parquet, b\u00e9ton d\u00e9coratif<br>\u2714 <strong>Mise en conformit\u00e9 et remise en \u00e9tat<\/strong> \u2013 s\u00e9curit\u00e9 et confort garantis<\/p>\n\n\n\n<p>\ud83d\udc49 <strong>Valorisez votre bien et am\u00e9liorez votre confort<\/strong> gr\u00e2ce \u00e0 des solutions adapt\u00e9es \u00e0 votre budget et \u00e0 vos besoins.<\/p>\n\n\n\n<p>\ud83d\udccd <strong>Zones d\u2019intervention<\/strong> : Blois, Agglopolys, Vineuil, Mer, La Chauss\u00e9e-Saint-Victor, Saint-Gervais-la-For\u00eat et communes voisines du Loir-et-Cher (41).<\/p>\n\n\n\n<hr class=\"wp-block-separator has-alpha-channel-opacity\"\/>\n\n\n\n<h2 class=\"wp-block-heading\">\ud83d\udd11 TRAVAUX CL\u00c9 EN MAIN \u2013 UN SEUL INTERLOCUTEUR<\/h2>\n\n\n\n<p>Avec KALI CONSTRUCTION, vous b\u00e9n\u00e9ficiez de :<\/p>\n\n\n\n<p>\u2714 <strong>\u00c9tude gratuite et personnalis\u00e9e de votre projet<\/strong><br>\u2714 <strong>Organisation et planification compl\u00e8te des travaux<\/strong><br>\u2714 <strong>R\u00e9alisation par nos \u00e9quipes qualifi\u00e9es ou partenaires de confiance<\/strong><br>\u2714 <strong>Suivi de chantier rigoureux et s\u00e9curis\u00e9<\/strong><br>\u2714 <strong>Respect strict des d\u00e9lais et du budget<\/strong><\/p>\n\n\n\n<p>Vous n\u2019avez qu\u2019un seul contact, nous g\u00e9rons tout le reste pour vos projets de <strong>r\u00e9novation maison, appartement et am\u00e9nagement int\u00e9rieur \u00e0 Blois et alentours<\/strong>.<\/p>\n\n\n\n<hr class=\"wp-block-separator has-alpha-channel-opacity\"\/>\n\n\n\n<h2 class=\"wp-block-heading\">\u2b50 POURQUOI CHOISIR KALI CONSTRUCTION \u00c0 BLOIS ?<\/h2>\n\n\n\n<ul class=\"wp-block-list\">\n<li><strong>Entreprise locale et proche de vous<\/strong> : implantation \u00e0 Blois et expertise du Loir-et-Cher<\/li>\n\n\n\n<li><strong>Sp\u00e9cialiste des travaux pour particuliers<\/strong> : r\u00e9novation compl\u00e8te, peinture, sols, ma\u00e7onnerie<\/li>\n\n\n\n<li><strong>Conseils techniques personnalis\u00e9s<\/strong> : solutions adapt\u00e9es \u00e0 vos besoins et \u00e0 votre budget<\/li>\n\n\n\n<li><strong>Chantiers propres, s\u00e9curis\u00e9s et suivis<\/strong><\/li>\n\n\n\n<li><strong>Devis gratuit et sans engagement<\/strong> : estimation rapide pour tous vos projets<\/li>\n<\/ul>\n\n\n\n<hr class=\"wp-block-separator has-alpha-channel-opacity\"\/>\n\n\n\n<h2 class=\"wp-block-heading\">\ud83d\udcde DEMANDEZ VOTRE DEVIS GRATUIT<\/h2>\n\n\n\n<p>Vous avez un projet de <strong>r\u00e9novation maison, appartement ou am\u00e9nagement int\u00e9rieur \u00e0 Blois ou dans le Loir-et-Cher (41)<\/strong> ?<\/p>\n\n\n\n<p>\ud83d\udc49 <strong>Contactez KALI CONSTRUCTION d\u00e8s maintenant<\/strong><br>\ud83d\udce9 <strong>R\u00e9ponse rapide \u2013 \u00c9tude gratuite \u2013 Conseils professionnels<\/strong><\/p>\n\n\n\n<p><strong>KALI CONSTRUCTION, votre partenaire de confiance pour tous vos projets de r\u00e9novation \u00e0 Blois et alentours !<\/strong><\/p>\n\n\n\n<figure class=\"wp-block-image size-large\"><img loading=\"lazy\" decoding=\"async\" width=\"1024\" height=\"324\" src=\"http:\/\/devis-amenagement-exterieur-blois.fr\/wp-content\/uploads\/2025\/12\/cropped-ChatGPT-Image-30-dec.-2025-18_32_03-1024x324.png\" alt=\"\" class=\"wp-image-175\" srcset=\"https:\/\/devis-amenagement-exterieur-blois.fr\/wp-content\/uploads\/2025\/12\/cropped-ChatGPT-Image-30-dec.-2025-18_32_03-1024x324.png 1024w, https:\/\/devis-amenagement-exterieur-blois.fr\/wp-content\/uploads\/2025\/12\/cropped-ChatGPT-Image-30-dec.-2025-18_32_03-300x95.png 300w, https:\/\/devis-amenagement-exterieur-blois.fr\/wp-content\/uploads\/2025\/12\/cropped-ChatGPT-Image-30-dec.-2025-18_32_03-768x243.png 768w, https:\/\/devis-amenagement-exterieur-blois.fr\/wp-content\/uploads\/2025\/12\/cropped-ChatGPT-Image-30-dec.-2025-18_32_03.png 1500w\" sizes=\"auto, (max-width: 1024px) 100vw, 1024px\" \/><\/figure>\n","protected":false},"excerpt":{"rendered":"<p>\ud83d\udee0\ufe0f KALI CONSTRUCTION \u2013 R\u00c9NOVATION MAISON &amp; APPARTEMENT \u00c0 BLOIS (41) Travaux int\u00e9rieurs et ext\u00e9rieurs \u2022 Devis gratuit \u2013 Intervention rapide \u00e0 Blois et alentours KALI CONSTRUCTION est votre entreprise de r\u00e9novation locale \u00e0 Blois, sp\u00e9cialis\u00e9e dans les travaux pour particuliers. Nous r\u00e9alisons vos projets de r\u00e9novation compl\u00e8te ou partielle, r\u00e9novation int\u00e9rieure et ext\u00e9rieure, am\u00e9lioration [&hellip;]<\/p>\n","protected":false},"author":1,"featured_media":0,"parent":0,"menu_order":0,"comment_status":"closed","ping_status":"closed","template":"","meta":{"footnotes":""},"class_list":["post-31","page","type-page","status-publish","hentry"],"_links":{"self":[{"href":"https:\/\/devis-amenagement-exterieur-blois.fr\/index.php\/wp-json\/wp\/v2\/pages\/31","targetHints":{"allow":["GET"]}}],"collection":[{"href":"https:\/\/devis-amenagement-exterieur-blois.fr\/index.php\/wp-json\/wp\/v2\/pages"}],"about":[{"href":"https:\/\/devis-amenagement-exterieur-blois.fr\/index.php\/wp-json\/wp\/v2\/types\/page"}],"author":[{"embeddable":true,"href":"https:\/\/devis-amenagement-exterieur-blois.fr\/index.php\/wp-json\/wp\/v2\/users\/1"}],"replies":[{"embeddable":true,"href":"https:\/\/devis-amenagement-exterieur-blois.fr\/index.php\/wp-json\/wp\/v2\/comments?post=31"}],"version-history":[{"count":4,"href":"https:\/\/devis-amenagement-exterieur-blois.fr\/index.php\/wp-json\/wp\/v2\/pages\/31\/revisions"}],"predecessor-version":[{"id":216,"href":"https:\/\/devis-amenagement-exterieur-blois.fr\/index.php\/wp-json\/wp\/v2\/pages\/31\/revisions\/216"}],"wp:attachment":[{"href":"https:\/\/devis-amenagement-exterieur-blois.fr\/index.php\/wp-json\/wp\/v2\/media?parent=31"}],"curies":[{"name":"wp","href":"https:\/\/api.w.org\/{rel}","templated":true}]}}